9. Let h(m) = 4*m + 4. Let t(r) = -19*r - 25. Let u(v) = -15*h(v) - 3*t(v). What are the prime factors of u(x)?
2, 3
Suppose -220 + 3382 = 6*x. Suppose 6*f - 247 = x. Let z = -39 + f. List the prime factors of z.
2, 3, 5
Suppose 346484 = 84*i - 70168 - 356988. List the prime factors of i.
2, 3, 5, 307
Let u be (32/10)/((-82)/(-205)). What are the prime factors of 898/u*(-8)/(-1)?
2, 449
Suppose 3*s + w = 3 + 12, -4*s + 5*w + 1 = 0. Let m(f) be the third derivative of f**6/60 - f**5/10 - f**4/6 + f**3/6 + 6*f**2. List the prime factors of m(s).
17
Let d be 10/5*3/2. Suppose 3*m + 2*g - 16 - 26 = 0, -d*m = -5*g - 63. List the prime factors of 3664/m - (-1 - -1).
229
Suppose -5*u - 12 = 3*j, 11 = 5*j + u - 3*u. Let l be -3*j/1 + -899. List the prime factors of 8/(-48) - l/12.
3, 5
Let n = 802 - 193. Let y = -123 + n. What are the prime factors of y?
2, 3
Suppose 0 = -35*i + 10 - 10. Let u(a) = -a**2 - 9*a + 534. What are the prime factors of u(i)?
2, 3, 89
Let b(h) = -2*h**3 - 2*h**2 + 4*h + 2. Let x be b(-5). Suppose 0 = 9*m + 2 - x. List the prime factors of (28/33 - m/110)*138.
2, 23
Let l(y) = 67*y**2 - 3*y + 2. Let j be l(1). Suppose 11*h + j = -77. Let z = h + 35. What are the prime factors of z?
2, 11
Let c(u) = 5*u - 9. Let y be c(1). Let q(z) = -13*z**3 - 4*z**2 + 16*z + 76. What are the prime factors of q(y)?
2, 3, 5, 13
Let w = 4572 + -1489. List the prime factors of w.
3083
Suppose 0*a + a = 4*w, -2*w + 14 = -4*a. Let g be 5*(w*3 - (-136)/40). Suppose 5*x - 204 = -2*d, 2 - 6 = g*x. List the prime factors of d.
107
Suppose -32*w + 42828 + 55073 - 13645 = 0. What are the prime factors of w?
2633
Suppose 26 = 17*s - 4*s. Suppose s*x = -m + 1407, 5*m = -x - 0*m + 690. List the prime factors of x.
3, 5, 47
Let f(c) = 17*c + 11. Suppose 3*t = -5*o + 47 - 20, 0 = 2*t + o - 18. List the prime factors of f(t).
2, 41
Suppose -2*v + 25382 = -2*y, 4*y = 52*v - 56*v + 50740. List the prime factors of v.
2, 13, 61
Suppose 25*k - 23*k - 25089 = m, 62697 = 5*k + 6*m. List the prime factors of k.
3, 37, 113
Suppose f - 3*f - 1424 = -5*c, -4*c + 1156 = 4*f. Suppose 0 = -4*d + 4*l - 2188, d - c = 4*l - 845. List the prime factors of (3 + d/(-12))*4.
193
Suppose -x + 3*x = 40. Suppose 4*s + 8 = 0, 4*n + n - x = -5*s. What are the prime factors of 48/n - (5 + -2)*1?
5
Suppose 0 = 2*o + 2*o + 40. Let k = o + 12. Let u(j) = 10*j**2 + 3*j - 2. List the prime factors of u(k).
2, 11
Let m(a) = -358*a - 92. List the prime factors of m(-10).
2, 109
Let b be (-819)/65 - (-4)/(-10). Let r(z) = 54*z + 45. Let f be r(b). What are the prime factors of (1 + -7)/(18/f)?
3, 73
Let m(z) = 18*z**2 + z + 4. Let g be m(-3). Suppose -g*a + 568 = -159*a. What are the prime factors of a?
2, 71
Suppose 190*i - 5190675 = 20*i - 5*i. List the prime factors of i.
3, 9887
Suppose -171 = 6*s + 303. Let w = s + 82. Suppose -2*y + y + 252 = w*c, -c = -4*y - 84. What are the prime factors of c?
2, 3, 7
Let w = -13 + 9. Let h(v) = 1 + v**3 + 3*v + 28*v**2 - 24*v**2 - 6*v. List the prime factors of h(w).
13
Let x(d) be the second derivative of 7*d**4/12 - d**3/2 - 7*d**2 - 13*d + 2. List the prime factors of x(5).
2, 73
Let h(w) be the second derivative of 0 - 30*w - 5/2*w**2 - 1/3*w**4 - 4/3*w**3 - 1/20*w**5. List the prime factors of h(-6).
5, 23
List the prime factors of ((-22)/(-6))/((-81)/(-41796)).
2, 11, 43
Suppose -g - 3074 = 3*h, -g = -1 - 3. Let x = h + 1448. List the prime factors of x.
2, 211
Let i = -52 + 24. Let n be (i/16)/(2/(-48)). Suppose -o = -2*h - n, o - h + 89 = 3*o. What are the prime factors of o?
2, 11
Let c = 74 + -73. Suppose -2 = -q + c. Suppose 76 + 5 = q*p. What are the prime factors of p?
3
Suppose -32*s = -254077 - 69219. List the prime factors of s.
10103
Let y(s) = s**3 - 2*s**2 - 6*s - 5. Let d be y(-4). Let q = 86 - d. Suppose u - 49 = -g, g + q = 5*u - 2*u. What are the prime factors of u?
53
Suppose -5*x - 147*a + 271405 = -142*a, 0 = -3*a + 12. What are the prime factors of x?
54277
Let n(o) = 19*o**2 - 9*o - 3. Suppose -3*y + 2*c - 29 = 0, 5*c + 8 = 5*y + 63. What are the prime factors of n(y)?
991
Let k(b) = b**2 - b - 45. Let g be k(8). Suppose -26624 = -5*m - g*m. List the prime factors of m.
2, 13
Let x(g) = g - 1. Let y(a) = a**2 - 9*a + 2. Let d(l) = l + 11. Let k be d(-6). Let b(m) = k*x(m) - y(m). List the prime factors of b(13).
2, 3
Let h = -36 - -42. Let d(z) = 13*z + 9*z - 1 + 16*z - h*z. List the prime factors of d(1).
31
Let z = 390 + -250. Suppose 0*b - z = -5*b. Suppose -d + t = -b, -t = -5*d - 3*t + 175. What are the prime factors of d?
3, 11
Let g = 3869 + 5582. List the prime factors of g.
13, 727
Let k be (4 - 3)*(1 + -1). Let m(d) = -6*d + 194 - 182 - 5*d + k*d. What are the prime factors of m(-4)?
2, 7
Let a(k) = 628000 - 21*k - 628000. Suppose 0 = 2*t + 10 + 14. List the prime factors of a(t).
2, 3, 7
List the prime factors of (8894/(-6) + 182/(-273))*-19.
19, 1483
Suppose -9*u - 43 = -25. Let z(x) = 67*x**2 - 13*x - 21. What are the prime factors of z(u)?
3, 7, 13
Suppose -2*r - 67*y + 10501 = -68*y, -4*r + 5*y = -21011. What are the prime factors of r?
29, 181
Let p = -314 + 321. Suppose -p*f - 2401 = -14*f. List the prime factors of f.
7
Let s = -32 - -36. Suppose -5*o - 2*k + 965 = 3*k, s*o + 5*k - 769 = 0. What are the prime factors of o?
2, 7
Let n(g) = -1644*g + 66. What are the prime factors of n(-4)?
2, 3, 41
Suppose 4*m + 485*v - 27784 = 484*v, 3*m - 4*v = 20838. List the prime factors of m.
2, 23, 151
Let q(a) = -a + 2. Let r be q(1). Suppose -2*h - r = 1. List the prime factors of 25/(0 + 0 - h).
5
Suppose 109*l + 2 = 110*l. Suppose 5*t = 4*d + 892, l*d + 455 = 4*t - 261. List the prime factors of t.
2, 3, 5
Suppose 5*g - 12*w - 74 = -14*w, 2*g - 3*w - 22 = 0. Let l(o) = -o**3 + 17*o**2 - o + 28. What are the prime factors of l(g)?
2, 7, 43
List the prime factors of 8/616 + (-24)/84 + (-1768416)/(-44).
3, 13397
Let d be -2*(-16)/3*(256 - 112). Suppose d + 193 = 19*y. List the prime factors of y.
7, 13
Let m = -226 + 3435. What are the prime factors of m?
3209
Suppose 0 = -2*i + 6. Suppose -27 = -3*s + 4*o, i*s - 3*o = 2*o + 30. Suppose -s*b + v + 417 = 0, -7 = 2*b + 3*v - 167. What are the prime factors of b?
83
Suppose -2*h - 5 = -7*h, -4*u + 36 = 4*h. Let g be (u + -26)*-2*2/12. Suppose g*o - 107 = 409. List the prime factors of o.
2, 43
Suppose -t = -32*o + 33*o - 192, 5*o - 3*t - 936 = 0. What are the prime factors of o?
3, 7
Let m be (10/(-30))/(2 + (-13)/6). Suppose -53 = -m*r - s, 2*s - 34 = -2*r + r. What are the prime factors of 19/(-7)*-29 + r/84?
79
Let r(t) be the third derivative of 2*t**4/3 - 3*t**3/2 - t**2. Let x(s) = 2*s**2 - 21*s + 16. Let v be x(10). List the prime factors of r(v).
3, 29
Suppose 0 = 2*w - 11*w - 81. List the prime factors of w*((-2684)/(-33))/((-6)/9).
2, 3, 61
Suppose -253 = -u + 366. Suppose 5*r + u = 2899. What are the prime factors of r?
2, 3, 19
Suppose 5*m - 2*m = 15. Suppose 4*d = -20, 8*i - 5*i = -m*d + 23. Suppose 3 = x - i. List the prime factors of x.
19
Suppose -2779*u = -2746*u - 908787. What are the prime factors of u?
27539
Let r = 67909 + -36699. What are the prime factors of r?
2, 5, 3121
Let u = -19 - -23. Suppose -8*i + 4*i = 5*z + 996, 5*z = u*i + 1036. Let t = -146 - i. List the prime factors of t.
2, 3
Let u(g) = 350*g**2 - 55*g + 72. What are the prime factors of u(4)?
2, 29, 47
Suppose 0 = -7*g + 13*g + 7*g - 14079. List the prime factors of g.
3, 19
Let z = 1623 - -1700. List the prime factors of z.
3323
Suppose 409564 = 134*q - 99636. What are the prime factors of q?
2, 5, 19
Let y(u) = 7*u + 6. Let k be y(-5). Let n = k + 32. Suppose -n*o + z + 248 = 0, 7*o - 11*o + 3*z + 329 = 0. What are the prime factors of o?
83
Let l = 5662 + -186. What are the prime factors of l?
2, 37
Let n = 38 - 36. Suppose -5*v - 159 = -n*d + 61, v = -3*d - 27. Let u = -40 - v. What are the prime factors of u?
2
Let o = 44818 - 11143. What are the prime factors of o?
3, 5, 449
Suppose 4*p = 7*p - 12. Suppose -2*s - 56 = -p*w, 2*w = 3*s + 2*s + 164. Let x = 58 + s. What are the prime factors of x?
2, 3
Let x be (4/(-7))/((-38)/133). Let b(g) = -14*g**3 + x + 17*g**2 + 16*g**2 - 32*g**2 + 2*g. What are the prime factors of b(-1)?
3, 5
Let t(i) = 3*i - 3. Let h be t(1). Sup